
Is 245653 a prime number?
True
Is 770135 a composite number?
True
Is 51767 a composite number?
False
Is 129491 composite?
False
Is 119839 a composite number?
False
Is 13973 a composite number?
True
Is 145573 a prime number?
False
Is 9413 a composite number?
False
Is 67901 prime?
True
Is 295193 prime?
False
Is 21001 a prime number?
True
Is 787529 prime?
True
Is 244913 a prime number?
False
Is 19031 a prime number?
True
Is 213 prime?
False
Is 1039 composite?
False
Is 7119407 a prime number?
True
Is 3287 prime?
False
Is 398249 prime?
True
Is 3545567 composite?
False
Is 43223 a prime number?
True
Is 319559 a prime number?
False
Is 10313 a prime number?
True
Is 77839 composite?
False
Is 169487 prime?
False
Is 3446791 a composite number?
True
Is 55511 composite?
False
Is 131969 prime?
True
Is 8923 a prime number?
True
Is 177647 a prime number?
True
Is 356927 composite?
False
Is 14845 a prime number?
False
Is 38953 prime?
True
Is 20179 composite?
True
Is 1042511 composite?
True
Is 391813 prime?
False
Is 28669 a prime number?
True
Is 156749 a prime number?
True
Is 15793 a prime number?
False
Is 21241 composite?
True
Is 11579 a prime number?
True
Is 24943 a composite number?
False
Is 7627 a composite number?
True
Is 41579 prime?
True
Is 251 composite?
False
Is 181901 a prime number?
False
Is 12601 composite?
False
Is 11689 prime?
True
Is 44861 a composite number?
True
Is 2340931 composite?
False
Is 15527 a composite number?
False
Is 77123 composite?
True
Is 2116627 prime?
True
Is 15907 prime?
True
Is 21929 a prime number?
True
Is 982943 a prime number?
False
Is 34514 a composite number?
True
Is 2019 a prime number?
False
Is 2128699 a prime number?
False
Is 3511 a prime number?
True
Is 3293 prime?
False
Is 19911 a composite number?
True
Is 16547 composite?
False
Is 29837 a prime number?
True
Is 671119 a composite number?
True
Is 22141 composite?
True
Is 3163 composite?
False
Is 724783 prime?
True
Is 18689 prime?
False
Is 1642 composite?
True
Is 1771943 a composite number?
True
Is 81821 a composite number?
True
Is 11351 prime?
True
Is 12637 prime?
True
Is 16999 prime?
False
Is 514669 a prime number?
True
Is 318557 a composite number?
False
Is 463157 prime?
True
Is 31307 a composite number?
False
Is 19733 composite?
True
Is 5431 composite?
False
Is 3389 prime?
True
Is 11599 composite?
True
Is 999133 prime?
True
Is 5113 prime?
True
Is 72911 composite?
False
Is 849587 a composite number?
False
Is 44155 a prime number?
False
Is 810643 a composite number?
False
Is 35935 a composite number?
True
Is 638659 a prime number?
False
Is 157543 prime?
True
Is 31133 composite?
True
Is 12515 a prime number?
False
Is 13543 composite?
True
Is 202691 prime?
False
Is 1267 a prime number?
False
Is 1241869 composite?
False
Is 467 composite?
False
Is 457 a composite number?
False
Is 5941 a composite number?
True
Is 65179 a prime number?
True
Is 404947 a composite number?
True
Is 19613 a composite number?
True
Is 5557 a prime number?
True
Is 1175451 a prime number?
False
Is 2767 prime?
True
Is 284511 a prime number?
False
Is 1339 prime?
False
Is 14699 a composite number?
False
Is 110749 a prime number?
True
Is 17153 a composite number?
True
Is 7279 a prime number?
False
Is 1324081 a composite number?
True
Is 895091 composite?
True
Is 10403 a prime number?
False
Is 7079 a prime number?
True
Is 12713 composite?
False
Is 119141 a composite number?
True
Is 2203 a composite number?
False
Is 579247 composite?
True
Is 49757 composite?
False
Is 23377 composite?
True
Is 1099 composite?
True
Is 2813 a prime number?
False
Is 34171 composite?
False
Is 5583 a composite number?
True
Is 11707 a prime number?
False
Is 1035673 a prime number?
False
Is 3473 a composite number?
True
Is 44461 a prime number?
False
Is 36037 prime?
True
Is 159863 a composite number?
True
Is 53049 a composite number?
True
Is 533741 prime?
False
Is 1373959 a prime number?
True
Is 29901 a prime number?
False
Is 180137 a composite number?
False
Is 21263 composite?
True
Is 2100239 prime?
True
Is 186689 composite?
False
Is 216581 a composite number?
True
Is 5569 prime?
True
Is 757373 a composite number?
True
Is 42221 a composite number?
False
Is 3697321 a prime number?
True
Is 2059 a composite number?
True
Is 14071 a composite number?
False
Is 12071 a prime number?
True
Is 125183 a prime number?
True
Is 1757827 composite?
False
Is 31051 a prime number?
True
Is 22367 a prime number?
True
Is 47039 a prime number?
False
Is 1969 prime?
False
Is 3203 a composite number?
False
Is 6173 composite?
False
Is 1251011 prime?
True
Is 7387 a composite number?
True
Is 457607 a prime number?
True
Is 24403 prime?
False
Is 21961 a composite number?
False
Is 133733 a composite number?
False
Is 32099 prime?
True
Is 320559 prime?
False
Is 20153 prime?
False
Is 543757 a composite number?
True
Is 83209 a prime number?
False
Is 2440963 a composite number?
True
Is 30922 a composite number?
True
Is 100313 composite?
False
Is 89 prime?
True
Is 105019 a composite number?
False
Is 430777 a composite number?
True
Is 57259 prime?
True
Is 2911 composite?
True
Is 112163 a prime number?
True
Is 5039 a composite number?
False
Is 30341 prime?
True
Is 6407 a prime number?
False
Is 307511 a composite number?
False
Is 4835 a composite number?
True
Is 9511 prime?
True
Is 85945 a prime number?
False
Is 100781 prime?
False
Is 427279 a composite number?
False
Is 13391 composite?
True
Is 6523 a prime number?
False
Is 38195 a prime number?
False
Is 245773 composite?
True
Is 25151 a composite number?
True
Is 260921 composite?
False
Is 4661 composite?
True
Is 34163 a prime number?
False
Is 25869 composite?
True
Is 669077 a prime number?
True
Is 942887 composite?
True
Is 25361 composite?
True
Is 58211 a composite number?
False
Is 450311 a prime number?
True
Is 221393 a composite number?
False
Is 110207 prime?
False
Is 42239 prime?
True
Is 87443 a prime number?
True
Is 9977 a composite number?
True
Is 1874003 prime?
True
Is 30749 composite?
True
Is 1337421 composite?
True
Is 93259 prime?
False
Is 384961 a composite number?
False
Is 1973 a prime number?
True
Is 82079 a prime number?
False
Is 495583 a prime number?
False
Is 5227 a composite number?
False
Is 131126 a prime number?
False
Is 37837 a composite number?
True
Is 63293 prime?
False
Is 616885 a composite number?
True
Is 917 composite?
True
Is 10454 composite?
True
Is 318893 prime?
False
Is 81509 composite?
False
Is 113519 composite?
True
Is 71663 prime?
True
Is 15937 a prime number?
True
Is 151378 composite?
True
Is 319 prime?
False
Is 9355 a composite number?
True
Is 18041 prime?
True
Is 851 a prime number?
False
Is 4325111 a prime number?
False
Is 7409 a prime number?
False
Is 162881 prime?
True
Is 43661 a composite number?
False
Is 48851 a prime number?
False
Is 2065363 prime?
True
Is 195581 prime?
True
Is 27785 composite?
True
Is 105199 prime?
True
Is 40049 a composite number?
True
Is 15623 composite?
True
Is 684211 a composite number?
True
Is 1398151 a composite number?
False
Is 145135 a prime number?
False
Is 18058 a composite number?
True
Is 650523 prime?
False
Is 37322 prime?
False
Is 169987 a composite number?
False
Is 74379 composite?
True
Is 6117041 a composite number?
True
Is 9511 composite?
False
Is 29483 composite?
False
Is 437809 a prime number?
True
Is 14359 a composite number?
True
Is 1039 a prime number?
True
Is 231497 prime?
False
Is 148949 prime?
True
Is 3946837 a prime number?
True
Is 84137 a prime number?
True
Is 31197 a prime number?
False
Is 25617 a prime number?
False
Is 1921 prime?
False
Is 28751 prime?
True
Is 1193 composite?
False
Is 22879 a prime number?
False
Is 46613 composite?
True
Is 62179 a prime number?
False
Is 16526 prime?
False
Is 3909667 a composite number?
False
Is 4843 a prime number?
False
Is 3907 a composite number?
False
Is 233107 a composite number?
True
Is 115261 composite?
True
Is 25057 a composite number?
False
Is 2047 a composite number?
True
Is 9127 a prime number?
True
Is 3907 composite?
False
Is 188107 composite?
False
Is 21961 a composite number?
False
Is 7219 prime?
True
Is 35233 a prime number?
False
Is 50437 a composite number?
True
Is 169361 composite?
False
Is 1187687 a prime number?
True
Is 1513 a prime number?
False
Is 22679 composite?
False
Is 2501